-5*w - g*f - 30 = 0, 4*f + q*f = 3*w + 18. What is v(w)?
-5
Let c = 2397 - 2384. Let p(j) = -5*j + 3. What is p(c)?
-62
Let t(b) = -2*b**2 - 6*b - 1. Let d = 10 + -19. Let s be d/(-11) + 4/22. Let j = s - 5. Calculate t(j).
-9
Let n(l) = 6*l**2 - l - 2. Let t(i) = -i**2 - i - 1. Let v(j) = -3*j**2 + 5*j + 7. Let g(q) = -4*t(q) - v(q). Let b(z) = -3*g(z) + 4*n(z). Determine b(-2).
15
Suppose 200 = 5*v + r + 59, -117 = -4*v - 5*r. Suppose 0 = 5*u + n + v, -20 = -u + 3*u - 4*n. Let h(w) be the first derivative of w**2/2 - w - 1. Give h(u).
-7
Let y(a) = 3*a**3 - 3*a**2 + 11*a + 3. Let f(d) = -230*d + d**2 - 5 - d**3 + 225*d + 4. Let z(n) = -5*f(n) - 2*y(n). Give z(2).
1
Let l(p) = -p**2 - 8*p + 11. Let t be l(-9). Suppose 2*h = 5*n - 21, -5*h + t*n - 7 = 14. Let c = 2 + h. Let g(v) = -4*v**3 - 1. What is g(c)?
3
Let y = 13 + -17. Let a = 4 - -2. Let x(d) = 3*d**2 + 4 + 0 + a*d + 1 - 2*d**2. Give x(y).
-3
Let h(g) be the second derivative of -4*g - 1/20*g**5 + 1/6*g**3 + 2*g**2 + 0 + 1/6*g**4. Give h(3).
-2
Let v(q) be the first derivative of 11*q**2/2 - q + 17. Let y(u) = u - 4. Let h be y(3). Calculate v(h).
-12
Let d(m) be the second derivative of m**4/12 - m**3/6 + 2*m**2 + m + 5. Determine d(0).
4
Let k be (-176)/(-110) + (-6)/(-15). Let p(y) = -8*y**2 - 2*y. What is p(k)?
-36
Suppose -4*p - g + 40 = 0, -21 = -3*p - g - 2*g. Suppose -12*h = -p*h. Let m(j) = j + 16. Determine m(h).
16
Suppose -2*n = 4*h - 18, n - 3*h = -3*n + 3. Let v(f) = -4*f**2 + 4*f - 2. Calculate v(n).
-26
Let c(z) = z**3 - 6*z**2 - 5*z - 10. Suppose -l = 8*q - 13*q + 36, 5*q = 4*l + 39. Calculate c(q).
4
Let a(p) = -21*p**3 + 30*p**2 + 44*p + 26. Let k(x) = 13*x**3 - 20*x**2 - 29*x - 17. Let o(g) = 5*a(g) + 8*k(g). Give o(-9).
21
Let l(s) = 2 + 2*s**2 - 2*s - 7*s**3 + 12*s**3 - 5*s**3 - s**3. Give l(2).
-2
Suppose 6*k - 20 = k. Suppose 0 = 5*s - 4*f + 31, 2*s - k*f - f = -26. Let i(v) be the first derivative of v**3/3 + 2*v**2 + 4*v - 40. Calculate i(s).
1
Let r = 56 + -54. Let s(f) = 2*f**r - 795*f + 801*f - f**2. Determine s(-5).
-5
Let h(b) = -5*b**2 + 3*b - 3. Suppose 4*n + 2*k = 22, k = 2*n - 5 - 4. Suppose -2*v - y + 1 = 0, -n*v + 3*y + 0*y = -19. Give h(v).
-17
Let v(m) = 4*m - 14 - 23 - m + 26 - 2*m. Let k(d) = -2*d - 6. Let s be k(-6). Give v(s).
-5
Let f be -1 - -4 - (-48)/(-2). Let p be (-2 - -4)*f/(-6). Let m(x) = -2 + p - 1 + 2*x - 8. Determine m(-5).
-14
Let n(d) = d**3 - 3*d**2 - 2*d - 2. Suppose -39*u + 35*u + a = -17, -5*u + 16 = 4*a. Determine n(u).
6
Let k(v) be the second derivative of -v**4/12 - v**3 - 11*v**2/2 + 26*v. Let s be k(-5). Let l(x) = -x + 1. What is l(s)?
7
Suppose -5*h + 10 + 8 = 4*r, -2*r = 4*h - 12. Suppose h*o + 8 = 6*o. Let w(f) = -4*f - f**2 - 4 - o*f + 2. What is w(-4)?
6
Let o(c) = 0 - 6 + 10*c - 3*c - c**2. Let f be -2 - -2 - -3 - 199. Let k be 2/((-7)/(f/8)). Give o(k).
-6
Let m(k) = -k. Let c be m(7). Let j(s) = 5*s**3 + 3*s**2 + 4*s - 1. Let x(o) = -4*o**3 - 4*o**2 - 3*o + 1. Let d(q) = -3*j(q) - 4*x(q). What is d(c)?
-1
Suppose 2*p = -a + 30, 3 = -p + 28*a - 24*a. Let b(u) = -u**3 + 14*u**2 - 11*u - 31. Calculate b(p).
-5
Let j = -122 + 112. Let w(h) = -h**3 - 9*h**2 + 8*h - 20. What is w(j)?
0
Let j be 13/3 + (-3)/((-27)/6). Suppose 2*k = 4*c + 30, 3*c = -j*k - c + 5. Let o(s) = 2*s - 1. Give o(k).
9
Let k(r) = -12*r**2 + 0*r**2 + 8*r**2 + 3*r**3 + 4 + 5*r - 4*r**3. Let m(w) = -w**3 + 14*w**2 - 3*w + 37. Let l be m(14). What is k(l)?
4
Let x be 2/3*3 - (-1 + 3). Let o(g) = -2*g + 2. Calculate o(x).
2
Let m(h) = 5*h - 19. Let t be m(7). Suppose -t = 4*p + 2*o, 3*p - 4*o - 1 - 9 = 0. Let k(q) = -q**3 + 2. Calculate k(p).
10
Let d(y) = 25*y - 19 + 25*y - 57*y + 31. Calculate d(2).
-2
Let x(i) = 6*i - 3. Let t be ((64/20)/(-4))/((-2)/5). Give x(t).
9
Let j(z) = -2*z + 29. Let t be j(13). Let x(g) = 3*g**3 + 41 - g**t - 42 + 5*g**2 - g**3 + g. Suppose 3*n + l = 2*n - 4, 5 = 5*l. What is x(n)?
-6
Let k be -3 - ((5 - 2) + -11) - 3. Suppose -3 = -k*d + 19. Let i(y) = y - 7. Determine i(d).
4
Let h(c) = c**2 + 5*c**2 + 3*c - 2*c. Give h(-1).
5
Suppose -2*k - 5*z - 13 = 0, z = -2*k + 5*z - 4. Let j be 10*((-6)/k)/3. Let g(y) be the second derivative of -y**3/3 + y**2/2 + 308*y. Determine g(j).
-9
Let m be (-32)/(-10)*10/4. Let s(v) = v - 4. What is s(m)?
4
Let p be 1/(-4 - 47/(-12)). Let i = p + 16. Let k(g) be the first derivative of -g**4/4 + g**3 + 3*g**2/2 + 3*g - 27. Calculate k(i).
-1
Let q(h) = -1. Let x(i) = 8*i - 7. Let w(a) = 4*a - 4. Let k(o) = -5*w(o) + 3*x(o). Let l(y) = -k(y) - 6*q(y). Give l(5).
-13
Let v(h) = 9*h**2 + h + 6. Let z(g) = 5*g**2 + 3. Let o(u) = -3*v(u) + 5*z(u). Suppose 0 = 5*f - 2*k + 3 + 5, 0 = f + 3*k + 5. Determine o(f).
-5
Let v(u) = -3 + 2 + 0*u + u**2 - u + 5*u. Let g be (-3 - -9)/3 - -15. Let d = g - 21. Determine v(d).
-1
Let p(n) = -n**2 - n. Let k(u) = -u**3 - 3*u**2 - 2*u. Let t be k(-3). Let a(l) = -3*l - 2*l**2 + t*l**3 - 14*l**3 + 3 + 9*l**3. Let b be a(2). Calculate p(b).
-6
Let k(y) = -2*y**2 + y + 3. Suppose -2*z + 7*d - 2*d = 2, -d + 22 = 5*z. What is k(z)?
-25
Let c be -2*3/(24/52)*5. Let a = c - -60. Let f(n) = -n**2 - 6*n + 2. Determine f(a).
7
Let a(w) = w + 10. Suppose 4*p - 5*t - 33 = 0, 4*p + 4*t - t = -7. Suppose p*g = -22 + 6. Calculate a(g).
2
Let y(m) = 0*m + 2*m + 2 + m**2 - 7*m + 5. Calculate y(6).
13
Let k(t) = -t - 6. Let f be k(-8). Suppose -5*b + 27 = f. Let y(z) be the third derivative of z**6/120 - z**5/15 - z**4/6 - 5*z**3/6 + 17*z**2. Determine y(b).
0
Let q(b) = b**2 - 5*b + 7. Let d = 150 + -145. What is q(d)?
7
Let m(y) = y**2 - 11*y - 12. Let v(l) = 2*l**2 - 23*l - 26. Let k(o) = 13*m(o) - 6*v(o). Determine k(4).
-4
Let p(m) be the third derivative of -m**6/120 + m**5/60 - 20*m**3/3 - 525*m**2. Give p(0).
-40
Let y(u) = 3*u + 7 - 15 + u + 10 - 3. Let t(r) = -14*r + 1. Let i be t(-1). Suppose i = -2*k + 7*k. Determine y(k).
11
Let k = 120 + -125. Let y(j) = 9*j**3 + 4*j**2 - j - 6. Let n(v) = 7*v**3 + 4*v**2 - v - 5. Let x(p) = k*n(p) + 4*y(p). Let g = 3 + 1. Give x(g).
5
Let f(a) = a**3 + 5*a**2 + 5*a + 3. Let z be f(-3). Let l(y) be the second derivative of y**3/6 - 2*y**2 - 29*y - 2. What is l(z)?
2
Let f(k) = -k**2 - 2*k + 1. Let v = 18 + -15. Let w be 0/v + 3 + 0. What is f(w)?
-14
Let z(a) be the third derivative of -1/12*a**4 + 0 + 1/12*a**5 + 0*a + 24*a**2 - 1/120*a**6 - 1/2*a**3. Calculate z(4).
5
Let g(h) = 3*h + 6. Let r(f) = -15*f - 1. Let o be r(-1). Let p = o + -14. Suppose p*k + 20 = -4*k. What is g(k)?
-9
Let h(g) = -g**2 + 3*g + 3. Let m(r) = -r**3 - 7*r**2 + 18*r + 4. Let w be m(-9). Suppose 6 = b + w. Suppose 3*l - b*x - 1 = 21, -5*l - x = -15. What is h(l)?
-1
Let b(x) be the first derivative of -x**2/2 - 1. Let a(d) = d. Let z(q) = -5*a(q) - 4*b(q). Let g(l) = -256*l - 12038. Let j be g(-47). Determine z(j).
6
Let r(v) = 0*v**3 + 0*v - v - 4*v**2 + v**3 + 2*v. Suppose -12*t = -15*t + 60. Suppose -20*i - t = -25*i. Give r(i).
4
Let i(u) be the third derivative of u**5/60 + u**4/4 - u**3/3 + 110*u**2. Determine i(-6).
-2
Suppose 5*b = -4*t - 16, -b = 3*t + 4*b + 17. Let d(u) = -3*u**2 + 14*u - 13. What is d(t)?
-2
Let t(p) = p**3 + 6. Suppose 11*o = 27*o. Give t(o).
6
Let l(w) = w + 8. Suppose -d - 37 = -3*j - 60, 0 = 5*j + d + 41. Calculate l(j).
0
Suppose 0 = 48*i - 59*i + 33. Let t(k) = -2*k**3 + 4*k**2 + 2*k - 2. Determine t(i).
-14
Let a(h) = -h**3 + 7*h**2 + h - 8. Let c(q) = 26*q**2 - 3*q - 2. Let l be c(-1). Suppose 3*s - 4*s - 3 = 5*x, -3*s + 3*x = -l. Determine a(s).
-1
Suppose -4*g = -1 + 25. Let b be (2/g)/((-5)/30). Let a(x) = 39*x + x**3 - 21*x - 21*x + 1 - x**2. What is a(b)?
-1
Let c(h) be the first derivative of -3*h**2/2 + 10*h + 215. Determine c(5).
-5
Let o(v) = 8*v**2 - v - 3. Suppose 0 = -62*n + 166*n + 104. What is o(n)?
6
Let t(n) = -13*n + 3748 - 1873 - 1872. Determine t(-5).
68
Let r(n) = 4*n**2 - 4*n + 2. Let s = -411 + 415. Suppose -6 + 14 = 2*l. Suppose 4*k + 0*c + 3*c + s = 0, l*k = 2*c + 16. What is r(k)?
10
Let a(t) be the first derivative of t**4/4 + 2*t**3 - 3*t**2 - 10*t - 2. Determine a(-7).
-17
Let i(a) be the third derivative of -a**4/8 - a**3/3 + 60*a**2 + a. What is i(-4)?
10
Let d(y) = y**2 - y + 1. Let z(f) = -3*f**2 + 4*f - 4. Let g(i) = 2*d(i) + z(i). Suppose -6 - 6 = -3*s. Give g(s).
-10
Let q 